1?
87
Calculate the greatest common factor of 3396 and 57166.
566
What is the greatest common factor of 286 and 1152814?
26
Calculate the highest common factor of 650 and 23660.
130
Calculate the highest common divisor of 41866 and 1038.
346
Calculate the highest common factor of 104 and 22282.
26
What is the greatest common factor of 174 and 27244?
2
Calculate the greatest common divisor of 869 and 209.
11
What is the greatest common divisor of 1159515 and 21?
21
Calculate the greatest common divisor of 16584 and 72.
24
Calculate the highest common divisor of 210860 and 780.
260
What is the greatest common divisor of 3900 and 9516?
156
What is the highest common divisor of 2120 and 815?
5
What is the greatest common divisor of 242 and 273944?
242
What is the highest common factor of 21 and 1270409?
7
What is the highest common factor of 216000 and 30?
30
Calculate the greatest common divisor of 18290 and 110.
10
Calculate the highest common factor of 309900 and 900.
300
What is the highest common factor of 115 and 40503?
23
Calculate the highest common divisor of 56 and 994.
14
What is the highest common factor of 153026 and 114?
38
What is the greatest common factor of 942491 and 5687?
517
Calculate the highest common factor of 30377 and 111.
37
What is the highest common divisor of 2527 and 7?
7
What is the highest common divisor of 38862 and 1224?
306
What is the greatest common factor of 870 and 667?
29
What is the greatest common factor of 1089 and 3861?
99
Calculate the highest common divisor of 3886 and 2814.
134
Calculate the highest common divisor of 35216 and 744.
248
Calculate the highest common factor of 12897 and 117.
9
What is the highest common divisor of 1204714 and 2793?
931
Calculate the greatest common factor of 243532 and 19346.
1138
What is the highest common divisor of 2624 and 17999?
41
Calculate the highest common factor of 63180 and 20709.
351
What is the greatest common factor of 2661192 and 36?
36
Calculate the highest common divisor of 6358 and 66.
22
Calculate the highest common divisor of 232 and 15254.
58
What is the greatest common divisor of 11553465 and 490?
245
Calculate the greatest common divisor of 70 and 502.
2
What is the highest common factor of 85 and 663?
17
What is the greatest common divisor of 3 and 34656?
3
What is the greatest common factor of 5676408 and 72?
72
What is the greatest common divisor of 250 and 302750?
250
Calculate the greatest common divisor of 1300 and 4312425.
325
What is the highest common factor of 7 and 109984?
7
What is the highest common divisor of 265245 and 9?
3
Calculate the greatest common divisor of 18 and 947406.
6
Calculate the highest common divisor of 116654 and 136.
34
Calculate the highest common factor of 64 and 1952.
32
What is the greatest common factor of 387079 and 847?
847
What is the greatest common divisor of 109590 and 7280?
130
Calculate the greatest common factor of 20 and 998090.
10
What is the greatest common factor of 708666 and 282?
282
What is the greatest common factor of 31559 and 764060?
1661
Calculate the greatest common factor of 2133 and 138882.
237
Calculate the highest common divisor of 38213 and 1855.
371
Calculate the greatest common factor of 83685 and 30.
15
What is the greatest common factor of 49924 and 133?
7
Calculate the greatest common factor of 8204 and 1204.
28
What is the highest common factor of 4277 and 12784?
47
Calculate the highest common factor of 1441 and 524917.
131
What is the highest common factor of 139785 and 105?
15
Calculate the highest common divisor of 6019892 and 1966.
1966
What is the greatest common factor of 2286 and 504?
18
What is the highest common divisor of 27037 and 4541?
19
What is the greatest common factor of 3808 and 288?
32
Calculate the highest common divisor of 11328 and 9488.
16
Calculate the highest common divisor of 84238 and 2695.
77
What is the highest common factor of 472 and 1864?
8
Calculate the highest common divisor of 100197 and 39584.
1237
What is the highest common factor of 945 and 3115?
35
What is the highest common divisor of 2436144 and 48?
48
What is the greatest common divisor of 113273 and 1816?
227
What is the highest common factor of 140 and 9791425?
35
What is the highest common divisor of 1855 and 800?
5
What is the greatest common factor of 2394 and 12217?
19
What is the highest common factor of 2152 and 48958?
538
What is the greatest common factor of 611 and 73367?
47
What is the greatest common factor of 16395 and 80?
5
What is the greatest common divisor of 56 and 139496?
56
Calculate the highest common factor of 23038 and 39.
1
Calculate the highest common divisor of 64 and 26048.
64
Calculate the greatest common divisor of 1040 and 1805.
5
What is the highest common factor of 30479 and 261?
29
What is the highest common factor of 15236 and 21682?
586
What is the highest common divisor of 91690 and 31270?
530
What is the highest common factor of 5 and 5401?
1
What is the greatest common factor of 9 and 15819?
3
What is the highest common divisor of 24 and 25448?
8
Calculate the highest common factor of 561 and 4213.
11
What is the highest common factor of 11450 and 14?
2
What is the highest common divisor of 1598 and 19618?
34
What is the highest common factor of 182628 and 2166?
114
What is the highest common divisor of 320 and 6199360?
320
Calculate the greatest common divisor of 2 and 11421.
1
What is the greatest common factor of 252 and 5862?
6
What is the highest common factor of 10 and 24435?
5
Calculate the highest common factor of 553 and 1764.
7
What is the greatest common factor of 130 and 6340?
10
Calculate the greatest common divisor of 55460 and 413.
59
What is the highest common divisor of 21920433 and 1691?
1691
Calculate the greatest common factor of 171140 and 430.
430
What is the highest common factor of 114 and 134940?
6
What is the greatest common divisor of 33714 and 900?
18
Calculate the greatest common factor of 546 and 15366.
78
Calculate the highest common factor of 2649886 and 890.
178
What is the highest common factor of 8878 and 5018?
386
What is the greatest common factor of 43665 and 51045?
615
What is the highest common factor of 522624 and 72?
24
Calculate the greatest common factor of 708868 and 12.
4
What is the highest common factor of 58507 and 41?
41
What is the highest common factor of 276887 and 7847?
1121
Calculate the greatest common divisor of 379935 and 90.
45
Calculate the greatest common factor of 4736 and 28624.
16
What is the highest common factor of 987 and 22842?
141
What is the highest common divisor of 2090 and 61408?
38
Calculate the greatest common factor of 285 and 11355.
15
What is the highest common factor of 57048 and 6?
6
Calculate the highest common divisor of 195 and 68185.
65
Calculate the highest common factor of 59 and 3782608.
59
Calculate the greatest common factor of 292 and 12775.
73
What is the highest common divisor of 1752 and 122859?
219
Calculate the greatest common divisor of 3102 and 1023.
33
Calculate the greatest common factor of 232344 and 504.
504
What is the greatest common factor of 187 and 205887?
187
What is the greatest common divisor of 72293 and 156?
13
What is the highest common factor of 36000 and 27?
9
Calculate the greatest common factor of 167 and 30.
1
What is the greatest common factor of 2519968 and 64?
32
Calculate the highest common divisor of 264 and 757592.
88
Calculate the highest common factor of 204 and 404868.
12
What is the highest common divisor of 27520 and 256?
128
What is the highest common divisor of 2205 and 221823?
441
What is the highest common divisor of 136551 and 2001?
69
Calculate the highest common factor of 525 and 1115.
5
What is the highest common factor of 110 and 6470?
10
What is the greatest common factor of 1264 and 33338?
158
Calculate the greatest common divisor of 3564 and 3674.
22
Calculate the highest common factor of 52668 and 41272.
308
What is the highest common divisor of 867748 and 136?
68
Calculate the greatest common divisor of 1905 and 225.
15
What is the highest common divisor of 49685 and 95?
95
What is the highest common factor of 594 and 447480?
198
Calculate the highest common divisor of 894 and 2430786.
894
What is the 